) + (-49)/(-4).
13
Suppose -20*w + 5721 = -6199. What are the prime factors of w?
2, 149
Suppose 2*z + 35 = -3*z. Let u be 20/(5/z + 1). Suppose 3*o - o - 3*x = 130, -u = -o + 4*x. List the prime factors of o.
2, 31
Suppose 5*s - j = -0*j + 848, -2*s = -5*j - 330. Suppose -k - 4*k = 2*w - s, -k = 3*w - 47. What are the prime factors of k?
2
Let t(c) = -3*c**3 - 3*c**2 - c + 4. Let o(i) = -i**2 + 6*i - 11. Let b be o(4). List the prime factors of t(b).
61
Let d(h) = h**2 + 10*h + 12. Let z be d(-9). Suppose 3*r + 18 = z*k, k - 16 = 3*k + 5*r. Let w = 7 + k. What are the prime factors of w?
3
Suppose -229*g - 36575 = -248*g. What are the prime factors of g?
5, 7, 11
Suppose -43*i = -47*i + 5212. List the prime factors of i.
1303
Let o be (-1)/(-1)*(4 + 2). Let x(r) = r**3 - 5*r**2 + 1. What are the prime factors of x(o)?
37
Let c = 360 - -1178. List the prime factors of c.
2, 769
Suppose 0 = -2*s + 19 + 3. Let f be (s/3 - 1)*-3. Let x = f + 22. List the prime factors of x.
2, 7
Let x(i) = 11*i**2 - 3*i + 4. Suppose -h = 4*d - 6*h - 12, -3*d + 9 = -h. Let b be x(d). Let f = -59 + b. What are the prime factors of f?
5, 7
Let h(r) = -r**2 + 7*r - 9. Let f be h(4). Suppose 4*b + f*t = 649, b + 3*t - 152 = 8. What are the prime factors of b?
163
Suppose -60 = -x - x. Suppose -x*g - 29 = -31*g. What are the prime factors of g?
29
Let a = 17 - 14. Let k(v) = 4*v**2 - 4*v + 4. Let j be k(a). Suppose 2*c - 4*c = -j. What are the prime factors of c?
2, 7
Suppose -2*w = 8*v - 9*v - 112, 2*w - 104 = -v. What are the prime factors of w?
2, 3
Let t(l) = 311*l - 595. What are the prime factors of t(10)?
5, 503
Let p(y) = -y**3 + 6*y**2 + 29*y + 24. List the prime factors of p(-9).
2, 3, 163
Let n be (-4 - 0)/((-6)/3). Suppose 0 = 2*c - 2*q + 6, 0*c - 2*q + 16 = 3*c. Suppose -c*v + x + 24 = -x, n*x - 24 = -v. List the prime factors of v.
2
List the prime factors of -4 + -1524*1/(-2).
2, 379
Suppose 4*l - 13 = -5. Suppose m - 526 = -2*p, -4*m - 122 = l*p - 648. What are the prime factors of p?
263
Let x(n) = -1. Suppose -2*y = -2*f + 6, -2*y = -3*f - 4*y - 1. Let r(b) = -4*b + 12. Let t(g) = f*r(g) + 2*x(g). List the prime factors of t(-9).
2, 23
Let l = -10 + 42. Let o(z) = z**2 - 2. Let p be o(3). Suppose -p = i - l. What are the prime factors of i?
5
Let v(f) = f**3 - 6*f**2 + 5*f - 4. Let h be v(5). What are the prime factors of (20/(-10))/(h/102)?
3, 17
Suppose 0 = -2*s - 5*p - 53, 147 = -3*s - 2*s + 2*p. Let q = s + 42. What are the prime factors of q?
13
Let d(r) = -2*r - 13. Let x be d(-10). Suppose -x*h = -3*h - 92. Let o = -12 + h. What are the prime factors of o?
11
List the prime factors of (-2126)/(-5) - ((-130)/(-25) - 6).
2, 3, 71
Let a(g) = g**2 + 6. Let f(r) = -r**2 - 14*r + 37. Let m be f(-16). What are the prime factors of a(m)?
31
Let s(a) = -80*a - 1. Let t be s(-6). Suppose -5*c = q - t, -q + 2 + 2 = 0. What are the prime factors of c?
5, 19
Suppose 0 = -7*a - 4*a + 968. What are the prime factors of a?
2, 11
Let z(v) = 237*v - 54. What are the prime factors of z(6)?
2, 3, 19
Let f = -235 + 244. List the prime factors of f.
3
Let a(f) = 4*f**3 - 11*f**2 + 11*f - 7. What are the prime factors of a(6)?
17, 31
Let r be 1/(-2)*(1 + 5). Let t(n) = 4*n**2 - 3*n - 14. List the prime factors of t(r).
31
Let z be 3/(-12) + (-742)/(-8)*-1. Let u = 121 - z. What are the prime factors of u?
2, 107
Let q = 141 + 771. List the prime factors of q.
2, 3, 19
Suppose -3*i + 378 = 4*i. What are the prime factors of i?
2, 3
Suppose -3*a - 8 = -2*s, -5*s + 9*s + 5*a = 16. Suppose 11*y - 1393 = s*y. List the prime factors of y.
199
What are the prime factors of (-10)/((0 - -1)*16/(-1016))?
5, 127
Let g = 1829 - 812. List the prime factors of g.
3, 113
Suppose 2*q = b + 706 + 232, 3*q - 1408 = b. What are the prime factors of q?
2, 5, 47
Let l be 150/42 + (-6)/(-14). Let o(h) = 2 + 3*h - l + 11*h**2 + 3*h - 12*h**2. What are the prime factors of o(3)?
7
Let l(m) = -2*m**3 - 22*m**2 + 16*m + 30. What are the prime factors of l(-12)?
2, 3, 7
Suppose 2*r + 2*c + 2 = 4, -19 = -5*r + 2*c. Suppose 3*q = 4*p - 11, 2*p = 5*p - 5*q. Suppose -v = -r*k - p + 29, -k + 4*v = 3. List the prime factors of k.
3
Let z(l) = -223 + 83 + 95 - 7*l. What are the prime factors of z(-15)?
2, 3, 5
Let c(h) = 3*h - 13. Let z be c(6). Suppose -2*w = z*o + 3*w - 270, 24 = o - 5*w. List the prime factors of o.
7
Suppose -6*l + 36 = -4*l - 4*y, 2*y = 4*l - 60. List the prime factors of l.
2, 7
Suppose -30*i - 3782 = -53492. List the prime factors of i.
1657
Let f = -32 + 56. Suppose 2*u - f = -4. List the prime factors of u.
2, 5
Suppose 4*i + 0*a = -3*a + 19, -5*i - 3*a = -23. Suppose -5*t + 4*m + 353 = 0, 4*m = -i*t + 2*m + 272. What are the prime factors of t?
3, 23
Suppose 11*k - 400 = k. Let o = k - -9. What are the prime factors of o?
7
Let j(i) be the second derivative of i**4/12 - i**3 + 11*i**2/2 + 15*i. What are the prime factors of j(8)?
3
Let j(t) = -t**2 + 9*t - 1. Let x be j(7). Let v = -1 + x. List the prime factors of 338/v - (-2)/(-12).
2, 7
Suppose -3*z + 0*c + 2*c + 208 = 0, -2*c - 340 = -5*z. Suppose -406 + z = -4*o. List the prime factors of o.
5, 17
Let i = 7 + -11. Let p = i + 6. List the prime factors of (-7)/14 + 7/p.
3
List the prime factors of 7/3*(13 + 134).
7
Suppose -71*d = -23621 - 100345. List the prime factors of d.
2, 3, 97
Suppose -336*x + 57728 = -314*x. What are the prime factors of x?
2, 41
Suppose 0*g + 9*g = 117. Let h = g - 10. List the prime factors of h.
3
Let o(s) = s**3 - 2*s**2 + 2*s + 1. Let y be o(2). Suppose y*w + 4*j = -10, w = -w - 2*j - 6. Suppose w*g - 20 - 30 = 0. What are the prime factors of g?
5
Let x be 1 + (3 + 0 - 2). Suppose -4*b + 72 = 4*j, 0 = -4*b + 8*b - 4. Suppose x*u = 61 - j. What are the prime factors of u?
2, 11
Suppose -22*s + 10390 = -17*s. What are the prime factors of s?
2, 1039
Let w(p) = -p**3 + p**2 - p - 10. Let g be w(0). Let d(u) = -9*u**2 + 2*u**3 + 8*u + u - 5*u**3 + 2*u**3. What are the prime factors of d(g)?
2, 5
Suppose -14*m + 171 = -17*m. Let j = 23 - m. What are the prime factors of j?
2, 5
Let y = -82 - -84. What are the prime factors of y?
2
Suppose 0*r = r - 2*d - 6, 3*r + 3*d - 9 = 0. Suppose r*h + 3 - 31 = 0. List the prime factors of h.
7
Let t(a) be the first derivative of a**3/3 - 2*a**2 + 3*a + 6. What are the prime factors of t(5)?
2
Let d(f) = -2*f**2 - 61*f + 14. What are the prime factors of d(-11)?
443
List the prime factors of ((-5059)/(-1))/(-4 - (-5)/1).
5059
Suppose 6*o = o - 100. Let k = 0 - o. Suppose 0 = 2*r + 2*x - 30, 17 + k = 3*r - x. What are the prime factors of r?
13
Suppose 2 = -10*z + 12*z. Suppose -16 = -3*p - z. What are the prime factors of p?
5
Suppose -t = -3*k + 4, 4*t - 2 = 3*t - 3*k. What are the prime factors of (-6 - (-55)/2)/(t/(-2))?
43
Let w = -12 + 17. Suppose -w*m - 92 = -347. List the prime factors of m.
3, 17
Let p = 4 - 16. Let x be -1 + (-2 - p - 3). Suppose -4*d - x = -5*d. What are the prime factors of d?
2, 3
Let i(h) = 38*h**2 - 11*h + 91. What are the prime factors of i(7)?
2, 7, 67
Let s(m) = -m**3 - 7*m**2 - 6*m + 4. Let k be s(-6). Suppose -4*h + p = -40, 0 = -k*h - h - 3*p + 50. What are the prime factors of h/25 - (-18)/5?
2
Let q(w) = 7*w**3 + 3*w**2 - 4*w + 15. List the prime factors of q(4).
3, 5, 11
List the prime factors of 3/30 + (-106067)/(-130).
2, 3, 17
Suppose -2*i - 3*f + 324 - 82 = 0, -i + 3*f = -139. Suppose 3*l + 3*r - 411 = -0*l, -l + i = -r. What are the prime factors of l?
2, 3, 11
Let m be (-5)/(-2) + (-15)/(-30). Let t = 5 - m. Suppose 2*n - 39 = s + t*s, 0 = s - 5. List the prime factors of n.
3
Let r(d) = d**2 - 3*d - 4. Let x be r(6). Suppose -4*a + x = 2*g, -a + 36 + 13 = 4*g. List the prime factors of g.
13
Let l = 161 - 10. List the prime factors of l.
151
Let y(v) = 3*v + 5. Suppose -13*n + 9*n + 28 = 0. What are the prime factors of y(n)?
2, 13
Suppose -18*d = -13*d - 1070. Let n = d - 132. List the prime factors of n.
2, 41
Suppose -4*i - p = -12, 0 = -i - 2*p + 10 - 0. Suppose -i*r + 3*f + 92 = 0, -211 = -5*r + 4*f - 6*f. List the prime factors of r.
43
Let f(i) = 17*i**2 + 36. List the prime factors of f(5).
461
Suppose -211*z = -209*z - 4698. List the prime factors of z.
3, 29
Suppose 6*f - 1060 - 932 = 0. What ar